 the prime factors of w?
2, 3
Let s(m) = 7*m**2 + 11*m + 11. List the prime factors of s(-6).
197
Let k = 14 + -10. Suppose -x = -v - 0*x + 1, -2*x + k = v. Suppose 17 = v*u + q, 5*u - 21 = 3*u + 3*q. What are the prime factors of u?
3
Let l = -14 + 37. Let c = l - 16. Suppose -3*q + c*q + 4 = 5*h, -8 = q - 3*h. List the prime factors of q.
2
Suppose 0 = 3*r + 3*r - 288. What are the prime factors of r?
2, 3
Let y(b) = b + 9. Let h be y(-8). Let g be 1/h*(2 - -17). Let q = g + -9. List the prime factors of q.
2, 5
Suppose 3*y - 10 = -2*y. Suppose -3*c - y = 2*b, -2*c + 2*b + 24 = -3*b. Suppose n = -c, 1 + 3 = p - n. What are the prime factors of p?
2
Let r = -41 - -15. Let a = r - -56. Suppose 2*c + c = a. What are the prime factors of c?
2, 5
Suppose -4*h - h = 25, 0 = -2*n + h + 199. What are the prime factors of n?
97
Suppose 225 = 3*b - 0*b. List the prime factors of b.
3, 5
Let n(j) = -j - 7. Let k be n(-4). What are the prime factors of (-3 + 4)/k*-93?
31
Let z = 0 + -4. Let q(m) = -m**3 - 3*m**2 - 2. What are the prime factors of q(z)?
2, 7
Suppose 0 = 3*z - 12 - 3. Let f = -3 + z. Suppose -2*g + b + 14 + 19 = 0, 2*b + 34 = f*g. List the prime factors of g.
2
Let m(s) = 16*s - 7. What are the prime factors of m(8)?
11
Let q(b) = 3*b - 3. Let z be q(7). Let x = z + -13. Suppose -2*h + 0*v + 4*v + 28 = 0, 5*h = -x*v + 55. List the prime factors of h.
2, 3
Let j(s) be the first derivative of s**4/4 + 2*s**3 + 3*s**2 + s + 3. What are the prime factors of j(-4)?
3
Let i = 209 + -149. List the prime factors of i.
2, 3, 5
What are the prime factors of 1 + (170/3)/(22/33)?
2, 43
Let j(v) = -v - 7. Let r = -8 - -8. Let w be j(r). Let u(a) = -a**2 - 7*a + 6. What are the prime factors of u(w)?
2, 3
Suppose -5*l + 10 = 3*v - 8, -5*l - 18 = -3*v. Suppose -4*q = -v*q + 34. List the prime factors of q.
17
List the prime factors of (31/(-4))/(33/36 - 1).
3, 31
Let m(f) be the third derivative of -f**6/120 - f**5/30 - f**4/8 + f**3/2 - 2*f**2. Let n be m(-3). Let l = n + -15. List the prime factors of l.
2, 3
Suppose -4*d = 5*n - 966, -2*n - d - 2*d = -385. List the prime factors of n.
2, 97
Let b = 0 + 4. Suppose 0 = -2*w + 3*r + r + 36, b*r = 3*w - 46. List the prime factors of w.
2, 5
Suppose 125*z = 117*z + 1056. List the prime factors of z.
2, 3, 11
Suppose -3*t + 15 = 2*w, 0 = -4*w + 3*t + 10 + 29. What are the prime factors of w?
3
Let i = 6 - -2. Suppose -3*n + 16 = n. What are the prime factors of (5/n)/(2/i)?
5
Suppose 3*j = -g + 3, -2*g = -0*g + j + 4. What are the prime factors of g/(6/(-58)) + 4?
3, 11
Let p(t) = -12*t + 4. List the prime factors of p(-2).
2, 7
Let r(q) = -4*q + 4. Let n be r(3). Let j = -11 - n. Let y = j - -11. List the prime factors of y.
2
Let j be ((-2)/(-5))/(12/2280). Let w = j - 50. What are the prime factors of w?
2, 13
What are the prime factors of (40/25)/(10/1325)?
2, 53
Suppose 2*p - 36 = -0*p. What are the prime factors of p?
2, 3
Let j(a) = -a**3 - 11*a**2 + 10*a. Let k be (18/(-8))/((-3)/(-16)). What are the prime factors of j(k)?
2, 3
List the prime factors of (-3)/((-2)/((-2)/(-1))).
3
Suppose 0*y + y - 212 = 0. List the prime factors of y.
2, 53
Let p(z) = z**3 - 9*z**2 + 8*z + 1. Let h be p(8). List the prime factors of (0 + -1)/(h/(-11)).
11
Suppose -80 = -2*d - 4*t, 11 + 141 = 5*d - 2*t. Let m = 52 - d. List the prime factors of m.
2, 5
Let k be (-2)/(-3) - 16/24. Suppose 5*g + 4 - 44 = k. Suppose -3*x + g = -x. What are the prime factors of x?
2
Let g be 1 - -13 - (2 + -2). Let z = g - -19. Suppose -2*v + 1 = -z. What are the prime factors of v?
17
What are the prime factors of (-2)/3 - 292/(-6)?
2, 3
Suppose -12 = 4*g - 0*g. Let x = 8 - g. What are the prime factors of x?
11
Let z = 24 - -2. Let l = z + -2. Suppose -5*b + 11 = -l. List the prime factors of b.
7
Suppose -25 = 5*r, 0 = 2*n - 0*n + 3*r + 9. Suppose -n*m + m = -32. List the prime factors of m.
2
Let z(b) = 2*b**3 + 3*b**3 + 2 - b**3 - 3*b**2. Let i = -41 - -43. What are the prime factors of z(i)?
2, 11
Let o(c) be the second derivative of c**4/12 + c**3/3 - c**2 - 3*c. List the prime factors of o(-5).
13
Let p = 0 - 2. Let f = 2 - p. What are the prime factors of f?
2
Suppose -2*j + 28 - 8 = 0. What are the prime factors of 12/5 - 4/j?
2
Suppose -4*x + x + 12 = 2*h, -h = -3. Suppose -6 = -s + x. List the prime factors of s.
2
Let r(y) = y**3 - 11*y**2 + 14*y + 9. What are the prime factors of r(11)?
163
Let c(o) = 7*o**2 + 76 - 76 + o**3 - 2*o. What are the prime factors of c(-7)?
2, 7
Let k(t) = 1 + 2*t**2 + 1 + 2*t**2. Let a be k(-2). Suppose 0 = b - 3*b + a. List the prime factors of b.
3
Suppose 66 + 51 = 3*p. What are the prime factors of p?
3, 13
Let x(h) = 14*h - 89. What are the prime factors of x(10)?
3, 17
Suppose 3*g = -8 + 38. Suppose -1 = -t + g. List the prime factors of t.
11
Suppose -2*p = -0*p + 6. Let d = 8 + p. What are the prime factors of d?
5
Let o(i) = i**2 + 9*i + 8. Let d be o(-9). Suppose 0 = -0*p + 2*p + d. Let y(m) = m**3 + 6*m**2 + 5*m - 3. List the prime factors of y(p).
3
Let v be (-2)/(-9) - 2/9. Let s(b) = b**3 + b**2 - b + 13. List the prime factors of s(v).
13
Let n(h) = h**3 + 10*h**2 + 7*h - 8. Let j be n(-7). Suppose -2*a + j = 28. Let v = a + -19. What are the prime factors of v?
2, 3
Suppose -2*k = d + k + 9, 10 = -2*d - 4*k. Suppose q + 2 = 4, 4*f - d*q = 26. What are the prime factors of f?
2
What are the prime factors of (-255)/(-7) - 9/21?
2, 3
Let o be 29 - (-1 + (-8)/(-4)). Let p(u) = -2*u**3 - 3*u**2 - u - 1. Let i be p(-2). Suppose q = -2*c - 6 + 18, -i*q - 2*c = -o. List the prime factors of q.
2
Let g = -4 + 4. Suppose 0 = -a - g*a. Suppose o + a*o - 3*y - 17 = 0, -4*y - 20 = 0. List the prime factors of o.
2
Suppose -3*s + 9 = -27. Let d = 29 - s. Suppose -4*y + d + 15 = 0. List the prime factors of y.
2
Suppose 8*t = 3*n + 3*t - 22, 0 = 2*n - 5*t - 18. What are the prime factors of n?
2
Suppose 0 = 9*k - 258 + 33. List the prime factors of k.
5
Suppose 9 = -d + 4*d. Let x = d - -31. What are the prime factors of x?
2, 17
Suppose -q + 13 = -33. List the prime factors of q.
2, 23
Let l be 3/((-2)/(15 - 1)). Let x = l + 29. What are the prime factors of x?
2
Let l(b) = b + 1. Let z be l(-2). List the prime factors of 21 - (z + 0 + -1).
23
Let k = 6 - 4. Suppose k*m = -m - 3. What are the prime factors of 13 + -2 - m - 0?
2, 3
Let g = -3 - -13. Suppose 2*l = 34 - g. Suppose l + 4 = 4*t. What are the prime factors of t?
2
Let i(r) = 2*r**3 + r**2 + r - 1. Let x be ((-12)/(-24))/(2/(-8)). Let p be i(x). Let y = 3 - p. What are the prime factors of y?
2, 3
Suppose 2*j - 171 = 3*k, 2*j = -0*j + 2*k + 172. What are the prime factors of j?
3, 29
Let a(w) = 2*w**2 - 2*w - 1. Let s be a(-1). Suppose 0 = s*f - 0*f + 51. Let p = f - -25. List the prime factors of p.
2
Let q(k) = -k**2 + 2*k + 4. Let w be q(3). Let x be w*(-36)/(-3 - 0). What are the prime factors of (-6)/(-8) + 15/x?
2
Let u(h) = 12*h**2 + 4*h + 5. List the prime factors of u(-5).
3, 5, 19
Let k = 40 + -22. Let q = 35 - k. List the prime factors of q.
17
Suppose 2 = 3*n - 4*k, n - 2 = 2*n - 2*k. What are the prime factors of n?
2, 3
Let w be 1/((-1)/(-3 + 1)). Suppose -5*o + 32 = 4*b, 3*b - w*b = 3*o + 8. Let j = -5 + b. What are the prime factors of j?
3
Let h(x) = -15*x - 45. Let y(g) = 7*g + 22. Let l(r) = 6*h(r) + 13*y(r). What are the prime factors of l(-6)?
2, 5
Let j(c) = -2*c - 2. List the prime factors of j(-4).
2, 3
Let u(c) = -c**3 - 11*c**2 - 21*c + 6. List the prime factors of u(-10).
2, 29
Let r(y) = y**2 - y - 36. Let i be r(0). Let c = i + 55. List the prime factors of c.
19
List the prime factors of (-31 + -1)*(2 + -3).
2
Let c(w) = w**3 + 6*w**2 + 3*w. List the prime factors of c(-5).
2, 5
Let b(a) = a + 5. Suppose 35 = 4*l - 1. List the prime factors of b(l).
2, 7
Suppose 5*m - 228 = 5*d + 497, -5*d + 403 = 3*m. List the prime factors of m.
3, 47
Let s = 4 - 3. Let i(y) = 3*y**2 + y - 2. Let w be i(-3). Suppose s = -3*b - r + 3*r, w = -b + 5*r. What are the prime factors of b?
3
Let j be (-7)/14 + 66/4. Suppose m + m - j = 0. Let q(t) = -t + 16. What are the prime factors of q(m)?
2
Let l(w) = w**3 - w**2 + w. Suppose -r - 2*r = 9. Let s = r - -5. What are the prime factors of l(s)?
2, 3
Let h be (1 - -1 - 3